2037
Let s(i) = 780*i + 27312. Calculate s(-35).
12
Let t(f) = -3522*f - 24752. Give t(-7).
-98
Let o(a) = 4*a**2 + 113*a + 440. Give o(-17).
-325
Let i(l) = -2*l**2 + 2005*l - 418972. Calculate i(297).
95
Let v(g) = g**3 + 22*g**2 - 517*g - 374. Give v(-36).
94
Let g(o) = 2*o**2 + 858*o - 326581. Give g(243).
11
Let g(t) = -1262*t + 61206. Determine g(48).
630
Let x(z) = -z**3 + z**2 - 62*z + 32. Determine x(0).
32
Let s(j) = -4*j**2 + 5192*j + 41943. Determine s(-8).
151
Let c(i) = -2*i**3 + 459*i**2 - 684*i - 1. What is c(228)?
-1
Let k(m) = -2*m**3 + 96*m**2 - 855*m - 282. Calculate k(36).
42
Let r(f) = -f**3 + 33*f**2 + 92*f - 3929. Determine r(32).
39
Let x(f) = -7*f**3 - 738*f**2 + 424*f - 283. What is x(-106)?
-283
Let z(p) = -p**2 + 129*p - 267. Determine z(126).
111
Let z(h) = -2175*h - 54859. Give z(-27).
3866
Let c(x) = 24*x**3 + 3*x**2 - 13*x - 4. Determine c(-5).
-2864
Let g(y) = 5951*y - 7569674. What is g(1272)?
-2
Let a(p) = 4*p**3 + 1602*p**2 - 7304*p - 5689. What is a(-405)?
-19
Let k(h) = -h**3 + 98*h**2 + 436*h + 470. Give k(102).
3326
Let u(m) = 2600*m - 34069. Determine u(13).
-269
Let z(f) = 7*f**2 - 698*f - 2076. Determine z(103).
293
Let y(a) = 12102*a - 35527. Give y(3).
779
Let r(m) = 3302*m - 14537. Calculate r(5).
1973
Let o(h) = -h**3 - 232*h**2 + 4488*h - 2989. What is o(-250)?
11
Let m(g) = g**3 - 46*g**2 + 756*g - 18845. Give m(39).
-8
Let q(k) = -k**3 + 37*k**2 + 226*k - 383. Calculate q(41).
2159
Let n(q) = -9781*q - 9859. Give n(-1).
-78
Let i(d) = d**3 - 45*d**2 + 845*d - 32504. Calculate i(43).
133
Let m(x) = -x**3 + 282*x**2 + 283*x - 79528. Calculate m(282).
278
Let g(p) = -4*p**2 + 1004*p + 172229. Determine g(-117).
5
Let m(i) = 2*i**3 - 374*i**2 + 2206*i - 6152. Determine m(181).
2
Let w(d) = -3*d**3 + 930*d**2 + 14*d - 3948. Determine w(310).
392
Let y(a) = -118329*a + 1538250. What is y(13)?
-27
Let l(d) = 6*d**2 + 845*d - 24920. What is l(25)?
-45
Let a(x) = -x**3 - 44*x**2 + 607*x + 23722. Give a(-46).
32
Let a(f) = -336*f - 2069. What is a(-6)?
-53
Let f(y) = -18846*y + 188513. Give f(10).
53
Let t(m) = 5*m**3 + 57*m**2 - 16*m + 31. Give t(-11).
449
Let i(z) = -3*z**3 + 88*z**2 + 82*z + 2221. What is i(31)?
-42
Let w(t) = 28018*t + 2969930. Calculate w(-106).
22
Let q(i) = 3*i**2 + 290*i + 1410. Give q(-5).
35
Let g(t) = 2*t**3 + 492*t**2 + 42*t + 9502. What is g(-246)?
-830
Let p(u) = -57*u**2 + 867*u - 22. Calculate p(18).
-2884
Let u(r) = -613*r**3 - 9191*r**2 + 60*r - 10. Calculate u(-15).
-10
Let z(u) = u**3 - 115*u**2 - 866*u + 1061. Determine z(122).
-403
Let f(x) = -9*x**3 - 2*x**2 + 74*x - 136. Give f(3).
-175
Let s(v) = -13577*v - 176856. What is s(-13)?
-355
Let b(a) = -a**3 + 113*a**2 - 441*a + 521. What is b(109)?
-24
Let n(h) = 4451*h - 4576. Calculate n(1).
-125
Let w(o) = -13*o**3 + 206*o**2 + 37*o - 120. Determine w(16).
-40
Let z(u) = -1000*u + 3434. Determine z(3).
434
Let u(x) = -1243*x - 26179. Calculate u(-21).
-76
Let i(j) = -19603*j + 705699. Determine i(36).
-9
Let w(b) = 198*b - 40216. Calculate w(186).
-3388
Let u(o) = -2094*o - 10126. Calculate u(-5).
344
Let o(s) = -2328*s + 121063. Give o(52).
7
Let p(m) = m**2 - 16984312*m + 5. Give p(0).
5
Let f(z) = z**3 - 98*z**2 + 2416*z - 1242. Calculate f(52).
6
Let l(w) = 4*w**2 - 89*w - 19. What is l(24)?
149
Let u(o) = 4*o**2 + 432*o - 3818. Determine u(9).
394
Let q(h) = h**3 + 168*h**2 + 5446*h - 62. What is q(-43)?
-3115
Let h(b) = 42*b**2 - 10112*b + 39775. Determine h(4).
-1
Let x(t) = t**3 - 23*t**2 + 111*t - 28. Calculate x(19).
637
Let w(i) = i**2 + 89*i + 2526. What is w(-60)?
786
Let l(u) = -2*u**3 + 49*u**2 + 3*u - 96. What is l(25)?
-646
Let x(w) = -399*w**3 + 3*w**2 - 69*w - 70. Determine x(-1).
401
Let f(v) = 7*v**2 - 1157*v + 5921. Give f(160).
1
Let t(f) = f**2 - 26225*f - 498603. Determine t(-19).
33
Let k(c) = -176*c**3 + 18*c**2 + 300*c - 317. Give k(1).
-175
Let d(l) = -2*l**2 + 22307*l - 12. What is d(0)?
-12
Let w(y) = 900*y - 79277. Calculate w(87).
-977
Let x(v) = -3171*v + 47585. Calculate x(15).
20
Let w(r) = r**3 + 46*r**2 - 87*r + 685. Calculate w(-48).
253
Let u(r) = -15561*r - 108617. What is u(-7)?
310
Let a(z) = 15*z**2 + 938*z - 5677. What is a(6)?
491
Let u(w) = w**2 + 4557*w + 113416. Calculate u(-25).
116
Let a(o) = o**3 + 124*o**2 - 117*o + 1946. Determine a(-125).
946
Let c(w) = w**3 - 125*w**2 + 122*w - 72. Calculate c(124).
-320
Let r(v) = 7604*v + 250913. Calculate r(-33).
-19
Let h(r) = 2*r**3 + 37*r**2 + 1975*r + 25896. What is h(-14)?
10
Let z(l) = -4*l**3 + 10*l**2 + 11*l - 112. Determine z(9).
-2119
Let o(y) = 6*y**2 - 66*y - 3651. Calculate o(-20).
69
Let k(t) = -59*t**2 - 609*t - 1511. Determine k(-6).
19
Let h(t) = 14*t**2 - 362*t + 1377. Calculate h(4).
153
Let v(t) = -2*t**2 + 150*t + 14483. Calculate v(-55).
183
Let x(q) = -q**3 - 24*q**2 + 1356*q + 511. Determine x(-51).
1582
Let p(y) = 62304*y - 311357. What is p(5)?
163
Let f(i) = -2*i**2 - 166*i - 1476. Give f(-68).
564
Let q(r) = 2*r**2 + 576*r + 15506. What is q(-30)?
26
Let j(n) = n**3 - 12*n**2 - 132*n + 108. What is j(-8)?
-116
Let j(w) = 4483*w - 8387693. Give j(1871).
0
Let f(r) = -r**3 + 235*r**2 - 5609*r - 178. Determine f(27).
11
Let k(q) = -2*q**3 + 250*q**2 - 485*q - 544. Give k(123).
317
Let t(g) = 966*g + 5337. Calculate t(-5).
507
Let l(h) = -53733*h + 376166. What is l(7)?
35
Let z(c) = -3*c**2 + 81*c - 280. Calculate z(6).
98
Let i(s) = 2*s**3 - 71*s**2 - 1364*s - 4299. Calculate i(50).
1
Let k(u) = -2*u**3 + 238*u**2 - 217*u - 2161. What is k(118)?
81
Let s(f) = -8*f**2 + 231*f - 96. Give s(28).
100
Let v(l) = 15*l**3 + 10*l**2 - 119*l - 725. What is v(-4)?
-1049
Let d(z) = z**3 - 11610*z**2 + 104410*z - 4. Determine d(9).
5
Let b(r) = 3787*r - 109162. Calculate b(29).
661
Let i(j) = -j**3 - 63*j**2 + 2480*j - 16510. Give i(9).
-22
Let g(p) = -p**3 - 35*p**2 + 309*p - 1289. Calculate g(-44).
2539
Let y(s) = -7266*s - 465091. Determine y(-64).
-67
Let h(q) = -2*q**3 - 582*q**2 - 101*q - 28694. Calculate h(-291).
697
Let x(u) = -122*u**3 + 5248*u**2 - 88*u - 120. What is x(43)?
-206
Let l(x) = 43*x - 4718. Calculate l(123).
571
Let v(u) = u**2 - 25828*u + 206551. Calculate v(8).
-9
Let j(r) = 5*r**2 + 1010*r + 29881. What is j(-36)?
1
Let r(b) = -5863*b + 5879. Determine r(1).
16
Let p(n) = -n**3 - 17*n**2 + 9*n - 604. Determine p(-18).
-442
Let m(x) = -10951*x**2 + 65761*x - 307. Calculate m(6).
23
Let z(n) = -2*n**2 - 1122*n - 123304. Calculate z(-411).
-4
Let g(n) = -5*n**2 - 13842*n + 194784. Calculate g(14).
16
Let v(o) = -o**2 - 165*o + 6410. Give v(31).
334
Let i(l) = -l**3 + 166*l**2 + 655*l - 98. Calculate i(-4).
2
Let u(o) = -o**3 - 25*o**2 - 591*o - 9804. Determine u(-20).
16
Let z(w) = -5916*w + 30490. What is z(5)?
910
Let h(z) = -2*z**2 + 86326*z + 6572321. Determine h(-76).
-7
Let l(d) = -1139*d**2 + 1995*d - 9. Calculate l(2).
-575
Let h(w) = -25*w**2 - 4551*w + 123628. What is h(24)?
4
Let i(n) = -16*n**2 + 47*n + 352. Calculate i(-7).
-761
Let s(m) = m**3 - 29*m**2 + 2*m + 860. Give s(0).
860
Let v(c) = -c**2 + 93*c - 712. Determine v(11).
190
Let q(r) = 103*r**2 + 88*r + 19. What is q(-5)?
2154
Let u(q) = 15*q**2 + 2677*q - 1424. Calculate u(-179).
8
Let r(t) = -46*t**2 + 11455*t - 157. Give r(249).
92
Let p(z) = -z**3 + 2*z**2 + 6192*z + 51. What is p(0)?
51
Let z(u) = -3*u**3 + 38*u**2 + 2556*u - 21347. What is z(8)?
-3
Let x(w) = 5703*w + 369647. Give x(-65).
-1048
Let l(m) = -15*m**3 - 4*m**2 - 36*m - 88. What is l(-3)?
389
Let n(b) = -34*b**2 + 143*b + 198. What is n(5)?
63
Let u(q) = -q**3 + 14*q**2 + 142*q - 51. Determine u(21).
-156
Let o(r) = -6085*r - 328658. Determine o(-54).
-68
Let g(m) = 5*m**3 - 1043*m**2 - 9116*m + 439. What is g(217)?
5
Let p(y) = y**3 + 34*y**2 + 115*y + 1029. Calculate p(-32).
-603
Let x(f) = -27*f**2 + 53*f - 54. Determine x(0).
-54
Let x(q) = -3*q**2 - 81*q + 2020. Give x(17).
-224
Let t(k) = -k**2 - 3012*k - 27105. Give t(-9).
-78
Let h(w) = -w**2 - 1221*w - 271909. Calculate h(-928).
-5
Let h(a) = 14*a**2 - 2141*a - 114. Calculate h(153).
39
Let m(q) = 290*q + 126166. Calculate m(-435).
16
Let v(x) = x**3 - 327*x - 1135. What is v(-16)?
1
Let h(p) = -572*p - 27832. What is h(-45)?
-2092
Let r(y) = 2*y**3 - 861*y**2 + 3408*y + 20. What is r